.
32
Suppose 12*s + 768 = 18*s. What is the highest common divisor of s and 80?
16
Let p = 578 + -574. Calculate the highest common divisor of 18 and p.
2
Let w be ((-12)/15)/(12/(-30)) - -22. Suppose -u + 3*x + w = -8, 32 = u - 5*x. Calculate the greatest common factor of 48 and u.
16
Let m(z) = 352*z**2 - 5*z + 8. Let t be m(-2). What is the greatest common divisor of t and 31?
31
Let y be (-1)/(-5) - 296/(-20). Suppose -2*x = x - y. Suppose 0 = u + x - 6. Calculate the greatest common divisor of 3 and u.
1
Suppose k - 5*k = 2*l - 16, -4*k = 5*l - 16. Suppose -20 = -7*u + 2*u. Suppose f = u, 7 = 4*v + f - 13. Calculate the highest common factor of k and v.
4
Let b = 336 + -315. What is the highest common divisor of b and 2247?
21
Let r(s) = -5*s - 10. Let b(n) = 3*n + 9 + 6*n + 2*n - 5*n. Let m(c) = -2*b(c) - 3*r(c). Let j be m(5). Calculate the highest common factor of j and 3.
3
Let l = 13 - 4. Suppose -4*d + 2*o - 4 = 0, -5*d + 2*o = -2*o + 8. Let v = 18 + d. Calculate the greatest common divisor of l and v.
9
Let x = 17 - -4. Let g be ((-14)/3)/(2/(-9)). Calculate the highest common factor of x and g.
21
Let o = 361 + -349. What is the highest common divisor of 10 and o?
2
Let p(n) = 28*n - 66. Let y(g) = -9*g + 22. Let h(z) = -5*p(z) - 16*y(z). Let l be h(10). What is the highest common factor of 198 and l?
18
Let g be (-12)/(-9) - (-740)/12. Calculate the greatest common divisor of g and 81.
9
Let c = 8 + 136. Calculate the highest common divisor of 96 and c.
48
Let t = 6 + 10. Let d be 8 + 0 - (-192 - -24). Calculate the greatest common divisor of t and d.
16
Let r = 8 + -7. Let w(v) = 2*v - 4. Let t be w(4). Suppose 0 = -3*f - 5*c + 13 + 11, t*c = 5*f - 3. What is the greatest common factor of r and f?
1
Let l = 28 + -22. Let n be 84/16 + l/8. Suppose 2*c = c + 15. Calculate the greatest common factor of c and n.
3
Let t(r) = 4*r + 13. Let v be t(8). Let x = -22 + v. Calculate the highest common divisor of x and 184.
23
Suppose 2*g = f + 59, -2*f - 133 = -4*g + 3*f. Calculate the greatest common divisor of g and 459.
27
Let s(v) = v**3 + 4*v**2 + 3*v + 2. Let i be s(-3). Let n = -951 + 957. Calculate the highest common factor of n and i.
2
Suppose -3*k + 132 = -33. What is the highest common divisor of 165 and k?
55
Let h be 9/(2/6*3/31). What is the greatest common factor of h and 31?
31
Suppose 0 = -2*r - 0*r + 2, -3*c - 2 = -2*r. Let z be 13 + -4*(c - (-9)/(-12)). Suppose -3 = 5*t - 23. What is the highest common factor of z and t?
4
Let q be 16/(3*(-3)/(-9)). Suppose -9*x + 199 = 2*t - 4*x, -5*x = 4*t - 423. Calculate the highest common factor of q and t.
16
Suppose -o + 2*q + 1310 = 0, 2*o - 4*o - 5*q + 2620 = 0. Suppose 5*u + 5*w = o, 0*w - 776 = -3*u + 2*w. What is the highest common factor of 52 and u?
52
Suppose -2*a = -8 - 0. Let q be 1 + (0 - -120) + -23 + 24. Suppose 4*x + 2*b - q = 0, -b - 114 = -3*x - 15. Calculate the highest common divisor of a and x.
4
Let y(m) = 3*m - 9. Let x be y(9). Suppose 0 = 3*o - 5*s - 378, 97*o - 92*o - 630 = 3*s. Calculate the highest common factor of x and o.
18
Suppose 7*z + 7*z = 868. What is the highest common factor of 217 and z?
31
Let b be 9860/90 + (-12)/(-27). Calculate the highest common divisor of 160 and b.
10
Suppose 2*a = 4*v + 48, 8*a = 3*a + 10. Suppose -69 = 5*r + i, -r + 2*r - 4*i - 3 = 0. Let m = v - r. What is the greatest common divisor of 5 and m?
1
Let f = 3 - -1. Suppose 0*m = 3*v - 3*m - 24, -5*v - 3*m = -24. Calculate the highest common factor of f and v.
2
Let b(a) = 42*a - 28. Let x be b(4). Suppose v - 24 = -3*f + 97, 2*f = -3*v + 90. Let t = f + -19. Calculate the greatest common factor of t and x.
20
Suppose 0 = 3*p + v - 20, 7 = 3*p + 2*v - 9. What is the greatest common divisor of p and 28?
4
Let o = -24 - -37. Suppose -o - 3 = -4*j. Let s(b) = -3*b - 23. Let m be s(-13). What is the highest common factor of j and m?
4
Let z = 7 + -8. Let y be (-1 + z)/(1/(-22)). Calculate the greatest common factor of 66 and y.
22
Suppose -23*i + 28*i + 10 = 0. Let s be i*(9 + 1)*(-15)/6. Calculate the highest common divisor of 20 and s.
10
Let v = -42 + 266. Let x be (-12)/(4 - 0) + 31. Calculate the highest common divisor of v and x.
28
Let v be ((-11)/4)/(3/(-60)) - 0. Let s(d) = d**2 + 6*d + 5. Let b be s(-6). Calculate the highest common divisor of b and v.
5
Let z be (1/3)/((-1)/(-51)). Let s be (-84)/42*(6/15)/((-4)/85). Calculate the greatest common divisor of s and z.
17
Let m(k) = -k**3 + 3*k**2 + 8*k - 1. Let l be m(-3). Calculate the greatest common factor of 4 and l.
1
Let l be (-257)/(-8) - (7 - 220/32). What is the highest common divisor of 328 and l?
8
Let t(x) = 2*x + 0*x - 3*x**3 - 8 - x**3 + 5*x**2 + 5*x**3. Let f be t(4). Calculate the greatest common factor of f and 36.
36
Suppose -2*x + 20 = 3*x. Suppose -5*f = -5*l, -1 - 1 = 3*f - x*l. Suppose -31 - f = -i. What is the greatest common factor of i and 11?
11
Suppose 18*y - 67*y + 2499 = 0. Let j be 6/(-15) + 514/10. Calculate the highest common divisor of y and j.
51
Suppose b = -b + 8. Suppose 2*c + 5 = 3*t, c + b*c = -t + 13. What is the highest common factor of 24 and t?
3
Let g(o) = -10*o. Let k be g(-1). Let c = 34 + 46. What is the highest common divisor of k and c?
10
Let b(m) = m**3 - 2*m**2 - 24*m + 49. Let i be b(6). What is the highest common divisor of 245 and i?
49
Let h = -125 - -147. Calculate the highest common factor of 2 and h.
2
Suppose -2*p + a = 31, 23 = -3*p - 5*a - 4. Let r be p*((-125)/35 - -3). What is the highest common divisor of r and 20?
4
Suppose 32*n + 42 = 38*n. Calculate the greatest common divisor of 63 and n.
7
Suppose 20 = -3*p + 140. Suppose v - s - 62 = 0, 37*v - 42*v + 298 = s. Calculate the highest common factor of v and p.
20
Let z be 15/45 - (100/(-6) - -1). Suppose -2*l - 2*l + 2*k + 1350 = 0, 0 = -3*l + 2*k + 1014. Calculate the highest common factor of l and z.
16
Let s = 13 - 8. Suppose 0 = -i - z + 19, -s*z + 10 = -3*z. Calculate the highest common divisor of i and 112.
14
Let t(n) = -3*n**3 + 2*n + 1. Let k be t(-1). Suppose -3*b - 12 = -3*a, -k*a + b - 3 + 14 = 0. Let i = -3 + 66. What is the highest common factor of i and a?
7
Let g(v) = v**2 - 9*v + 5. Let a be g(5). Let h be 2 - (a/3 - 3). Calculate the highest common factor of 10 and h.
10
Suppose 36*k = 9*k + 540. Let z = 993 - 493. Suppose b - 6*b = -z. Calculate the highest common divisor of b and k.
20
Let p(b) = -b**2 - 6*b - 5. Let k be p(-4). Let d be (132/(-6))/((-2)/k). Let r = d - 18. What is the highest common factor of 3 and r?
3
Let n be (-328)/(-6) + 3/((-72)/16). Suppose -9 - 13 = k. Let i = n + k. Calculate the greatest common factor of 8 and i.
8
Let t(r) = -2*r**3 - 3*r**2 + r + 280. Let v be t(0). Calculate the greatest common divisor of v and 35.
35
Let p be (-11)/(22/(-68)) + -4. Suppose -u - 2*u + 12 = 0. Suppose -u*f + 59 - 19 = 0. What is the highest common divisor of p and f?
10
Suppose 3*b - 216 = -b. Let a be -47 + 3 + 28/(-4). Let t be (-1)/(a/(-18) - 3). Calculate the greatest common divisor of t and b.
6
Let b = -429 - -1164. Calculate the highest common divisor of b and 15.
15
Let j = -47 - -96. Let z(x) = 6*x - 53. Let g be z(10). What is the highest common divisor of j and g?
7
Let n = -323 - -365. Calculate the highest common factor of n and 63.
21
Let a(s) = 13*s**2 - 11*s - 30. Let r be a(-2). Calculate the greatest common factor of 11 and r.
11
Let d = -32 + 44. Suppose 4*m = n + d, -2*m + n + 0*n + 6 = 0. Let r be m*-2*(-9)/27. What is the greatest common factor of 5 and r?
1
Let f(x) = 2*x**2 + 13*x - 7. Let g be f(-7). Suppose g = -5*h + 6*h - 95. What is the highest common divisor of h and 19?
19
Let b = 172 + -150. What is the greatest common factor of 77 and b?
11
Suppose 2*a = -3*p + 42, -3*a + 6*p + 46 = 2*p. Suppose -3*h = -t - 4 + 30, -5*t + 187 = 4*h. Let w = 47 - t. Calculate the greatest common factor of w and a.
6
Let f = 296 + -162. Let w = f + -92. Calculate the highest common factor of w and 462.
42
Let j be 1 + (2 - (-1 - 18)). Calculate the highest common divisor of 11 and j.
11
Let z = 0 - -4. Suppose -w - 2 = -z*d + 5, 0 = 2*d + 5*w - 31. Calculate the greatest common factor of d and 1.
1
Let g(y) = 29*y**3 - 7*y**2 + 8*y + 8. Let b be g(